rivative of 0*i - 2*i**2 + 0 - 1/6*i**3 - 7/24*i**4. Let r = 550 + -551. Determine b(r).
6
Let f(w) = -5*w**2 + w + 10. Let l(v) be the third derivative of v**5/20 - v**3 - 3*v**2 - 7. Let k(a) = -4*f(a) - 7*l(a). Give k(-3).
5
Let m(o) = -6*o - 11. Let p(w) = -5*w + 8. Let r(i) = 4*i - 7. Let s(f) = -6*p(f) - 7*r(f). Let x(b) = m(b) + 2*s(b). Determine x(-6).
3
Let i = -119 - -161. Let k(y) = i - 119 + 42 - 2*y + 42. What is k(0)?
7
Let v(z) = 3*z**2 + z - 1. Let p be (9 - 6) + 180/(-2). Let l = 85 + p. Let u be 12/(-3) + (l - 14/(-2)). What is v(u)?
3
Let y(f) be the first derivative of -f**3/3 + 27*f**2/2 + 24*f - 938. Give y(28).
-4
Let d be -8*(-4)/(-8)*1. Let g(k) be the first derivative of 2*k**2 - 1 + 1/3*k**3 - 2*k. Determine g(d).
-2
Let y(c) be the first derivative of c**4/4 - c**3/3 + c**2 - c - 1336. Calculate y(2).
7
Let y(h) = -h**3 + 12*h**2 + 16*h - 32. Suppose -416 = 50*z - 82*z. Calculate y(z).
7
Let y(n) = n**3 + 10*n**2 + 10*n + 15. Let r = -1451 + 1442. What is y(r)?
6
Let r(z) = 2*z - 17. Let u(b) = -b + 11. Let p(s) = 2*r(s) + 3*u(s). Let t be -3 - -9 - (-3 - -4). Suppose v + 4*v = 2*y - 45, -4*v + t*y - 53 = 0. Give p(v).
-8
Let l(r) = -r**3 + 12*r**2 - 3. Let p be 1*-4 + (32/5)/(414/1035). Give l(p).
-3
Let o(y) = -2*y. Let h be (896/8)/(-2) - 7. Let x = -108 + 46. Let b = h - x. Determine o(b).
2
Suppose 39*i = 34*i + 2345. Let l = -36 + i. Let r(c) = -l*c - 2 + 432*c + 3. Calculate r(-4).
5
Let o(h) be the third derivative of 0 + 1/120*h**6 - 8*h**2 + 2*h + 1/15*h**5 + 4/3*h**3 + 1/12*h**4. Calculate o(-4).
0
Let i(l) = 7*l**3 - 25*l**2 + 96*l + 32. Let z(t) = 5*t**3 - 17*t**2 + 67*t + 21. Let j(c) = 7*i(c) - 10*z(c). Calculate j(-4).
-10
Suppose h - 12 = -2*h, 5*h = -2*p - 28. Let f be 1*(3/5 + p/40). Let n(y) = y**2 + 2*y + 9. Determine n(f).
9
Let r = 159239 + -159247. Let y(m) be the first derivative of -m**3/3 - 5*m**2/2 + 8*m + 1. Calculate y(r).
-16
Suppose v = q + 60, 2*v + 0*q - 122 = q. Let p(l) = -60*l - v*l + 121*l + 1. Give p(-2).
3
Let l(b) = b**2 - 10*b - 22. Let k be l(12). Let z(h) = -25 + k*h - 18 + 3*h + 15. Let v(t) = -3*t + 19. Let n(u) = 8*v(u) + 5*z(u). Calculate n(-6).
6
Suppose -289*o - 319 + 2107 = 9*o. Let v(k) = -9*k + 7. Let n(t) = -10*t + 7. Let q(w) = 6*n(w) - 7*v(w). What is q(o)?
11
Let f = 18 - -27. Let o = f - 46. Let u(n) = 17*n + 1. What is u(o)?
-16
Let u(n) = -n**2 + 3*n - 1. Let w be u(4). Let d(i) be the first derivative of -3*i**2 - 1/3*i**3 + 78 - 3*i. What is d(w)?
2
Let w = 168 + -161. Suppose 2 = -j - v, -3*j - v + w - 19 = 0. Let q(c) = -c. Calculate q(j).
5
Let a = 2133 + -2139. Let i(f) = -f**3 - 4*f**2 - 10*f - 6. Let x(n) = -n**2 - n. Let b(z) = i(z) + 4*x(z). Give b(a).
6
Let m(l) = 6*l**2 - 1 - 5*l**3 + 4*l**3 - 6*l + 2*l**3. Let r(p) = p**2 - 4*p - 168. Let w be r(15). Let t be 80/(-12) + 1/w. Determine m(t).
-8
Let w(b) = -2*b**3 + 9*b**2 + 28. Let c(j) = -j**3 + 25*j**2 + 162*j + 65. Let r be c(-5). Calculate w(r).
3
Let a be ((-160)/(-6))/(-3 + 99/27). Suppose 18*o - 10*o = -a. Let k(t) be the second derivative of -t**5/20 - t**4/3 - 7*t**2/2 - 3*t. What is k(o)?
18
Let g = -34803 - -34812. Let l(q) = -q**2 + 13*q - 12. Calculate l(g).
24
Let m(t) = -403*t - 75. Let d(a) = -120*a - 25. Let w(b) = 10*d(b) - 3*m(b). Determine w(5).
20
Let z(d) be the first derivative of -3*d**2 + 53*d - 3898. Calculate z(7).
11
Suppose -4*v + 17*m = 18*m + 8, 5*m = 2*v - 18. Let c(l) = 0*l**2 - 3 + 2 - 10*l**2 - 2*l. Calculate c(v).
-9
Let s = 88 + -24. Suppose -2*d - 4*j = -s, d = 3*d - 5*j - 82. Suppose 4 + d = -5*u. Let l(n) = -n - 7. Give l(u).
1
Suppose 0 = 3*l + 4*v, -20*v + 23*v - 10 = -l. Let c(w) = -3*w**3 - 25*w**2 - 11*w - 9. Give c(l).
15
Let y(r) be the third derivative of -r**6/120 + r**5/12 - r**4/3 + 7*r**3/2 + 925*r**2 + 2*r. Determine y(4).
5
Let r(b) = -b**2 - 5*b + 14. Suppose 135*j + 363 = 643 + 530. Calculate r(j).
-52
Suppose 4*s = 22*s + 144. Let f(y) = -3*y**2 - 7*y + 9. Let j(p) = 7*p**2 + 13*p - 20. Let u(c) = 5*f(c) + 2*j(c). Determine u(s).
13
Let n(d) = 11*d + 225028*d**2 - 15 - 225027*d**2 + 18. Let v = -8 + -1. Calculate n(v).
-15
Let w(t) = -t**2 + 33*t + 663. Let d be w(47). Let h(b) = 7*b**2 - 11*b + 13. Let i(u) = 6*u**2 - 10*u + 12. Let l(k) = -5*h(k) + 6*i(k). Calculate l(d).
7
Suppose 11*v - 49 + 16 = 0. Let m(d) = -17*d + 14*d**2 + 20*d - 22*d**2 - d**v + 11*d**2. Suppose 0 = -2*f + 3*f - 4. Determine m(f).
-4
Suppose 4*k - 3*r + 184 = 0, 0 = 3*k + 310*r - 305*r + 80. Let y(t) = t**3 + 38*t**2 - 80*t - 21. Give y(k).
-21
Let s(y) = 7*y**2 - 3*y + 1. Let l = -216 - -235. Let d = l + -17. Calculate s(d).
23
Let r(i) = -91 + 7*i - 12*i**2 + 99 + 3*i**2 - 30*i + i**3. Give r(11).
-3
Let o(l) = -2*l + 2. Suppose -45 = 6*x - 3*x. Let k = 19 + x. Let m be (-2)/k*-12 - (2 - -1). Give o(m).
-4
Let z(u) = -23*u**2 + 10*u - 182. Let s(o) = -21*o**2 + 9*o - 180. Let d(i) = -12*s(i) + 11*z(i). What is d(14)?
-10
Suppose 4*y - y - 16 = y. Let l(r) = -r**2 + 12*r - 12. Calculate l(y).
20
Let u(y) be the second derivative of y**6/240 - y**5/30 + 47*y**4/12 + 41*y. Let r(n) be the third derivative of u(n). Determine r(2).
2
Let k(s) = -s**2 + 5*s + 7. Let n = 6875 - 6882. Determine k(n).
-77
Let l(g) be the third derivative of g**5/30 - g**4/24 - 31*g**3/3 + 2*g**2 - 525*g + 1. Determine l(-5).
-7
Let w(v) = v**3 - 8*v**2 - 2*v + 5. Suppose 0 = 36*o - 4245 + 65517. Let z be (-2)/9 + o/(-207). Give w(z).
-11
Let k(x) = -x**3 - 4*x**2 - x - 1. Let t be 12 + (-12 - -5) - 1. Suppose t*q + 2*u + 2*u = -4, 3*q + 4*u = 0. What is k(q)?
3
Let p = 10552 - 10548. Let f(j) = -j - 3 - 1 - 7 + 5*j. What is f(p)?
5
Let o(x) = x**2 - 8*x + 3. Let f(g) = 4*g**2 - 24*g + 10. Let z(c) = 4*f(c) - 14*o(c). Give z(-7).
-16
Let x(t) be the first derivative of -t**4/2 - t**3/3 - t**2/2 + 48. Let h(z) = 9 + 4 + 77*z**2 - 78*z**2 + 5*z. Let q be h(7). What is x(q)?
2
Let t(k) = -k**3 + 16*k**2 - 14*k - 12. Let o = 3577 + -3562. Determine t(o).
3
Let c(o) = -o**2 - 4*o + 6. Let j be c(-6). Let b(d) = 20*d**2 - 8*d - 14. Let u(m) = -13*m**2 + 7*m + 10. Let y(r) = -2*b(r) - 3*u(r). Give y(j).
-8
Let m(b) = b**3 + 9*b**2 + 9*b - 2. Let k(h) be the third derivative of -13*h**5/60 - h**4/8 - h**3/3 + 8*h**2. Let a be k(-1). Let z = a - -4. What is m(z)?
-10
Let s(l) be the third derivative of -l**4/24 + 19*l**3/6 - l**2 - 649. Give s(-5).
24
Let l(u) = 4*u**2 + 6*u - 2. Suppose 8*p - 81 = -16*p - 129. Give l(p).
2
Let m(v) be the third derivative of -13*v**6/120 - v**4/24 - v**2. Let h = -7051 + 7050. What is m(h)?
14
Let q(t) = -43*t**2 - 58*t + 8. Let d(z) = 10*z**2 + 14*z - 2. Let n(v) = -25*d(v) - 6*q(v). Give n(1).
8
Let r be ((-25)/(625/(-170)))/(18/(-45)). Let i(g) = g**3 + 17*g**2 - 4*g - 67. Determine i(r).
1
Let n(r) be the second derivative of r**4/12 - r**3/3 + 3*r**2 - 57341*r. Suppose 0 = 3*o + 3 - 15. Give n(o).
14
Let m(g) = -3*g**2 + g + 2. Suppose -247*h + 15 = -250*h. Let f be (6 - 16)/h - 0. What is m(f)?
-8
Let s = -111 + 114. Let q(z) = -3193*z**2 + 11*z**s + 3193*z**2. What is q(1)?
11
Let s(m) = -m**2 + 6*m - 1. Let w(q) = -5*q + 131. Let f be 254/10 + 12/(-30). Let a be w(f). Calculate s(a).
-1
Let q(z) = -z**3 + 8*z**2 - z + 10. Let i be q(6). Suppose i*h - 12 = 74*h. Let x(j) = j**3 - 7*j**2 + 4*j + 8. Calculate x(h).
-4
Let b(v) = 2*v**2 - 8*v + 2. Let o be b(4). Let i(x) = -2 - x**2 - 1 - 5*x + 7 - o. Determine i(-6).
-4
Let k(r) be the second derivative of -r**4/12 - 7*r**3/6 - 17*r**2/2 - 41*r + 1. Let f be k(-4). Let p(a) = -a**2 - 3*a + 3. Calculate p(f).
-7
Let m(t) be the third derivative of -t**6/120 - t**4/24 - 2*t**2. Suppose 4*l - k + 0*k + 194 = 0, 4*l = 3*k - 198. Let w = 47 + l. Give m(w).
2
Let b(n) = 4747 + 16*n - 5*n - 4668. What is b(-7)?
2
Let u(l) = -4*l + 2. Let q(j) = 1 + 8 + 70457*j - 70474*j. Let o(r) = 2*q(r) - 9*u(r). What is o(1)?
2
Let q(t) = 20*t - 16. Let u be 91/(-17) - (-150)/425. Give q(u).
-116
Let o(q) = 2*q**2 - q - 4. Let a(c) = -11*c**2 + 14*c + 36. Let f(d) = -a(d) - 6*o(d). Determine f(-8).
-12
Let p(t) = -3*t**2 - 18*t + 69. Let v(f) = -f**2 - 3*f + 11. Let b(r) = p(r) - 6*v(r). Give b(-2).
15
Let m(g) = -46*g - 5. Suppose -2*z - 5*v + 33 = 6, 3*z + 7 = 2*v. Give m(z).
-51
Let z(g) = -1434*g**2 + 12*g + 2860*g**2 